61097931 is divided by 5?
1
Calculate the remainder when 931127 is divided by 544.
343
What is the remainder when 24461770 is divided by 325?
320
What is the remainder when 15841094 is divided by 5021?
4860
Calculate the remainder when 15149675 is divided by 892.
839
Calculate the remainder when 10041742 is divided by 4295.
32
Calculate the remainder when 2892697 is divided by 60.
37
What is the remainder when 283217473 is divided by 25?
23
What is the remainder when 2226804 is divided by 268?
260
What is the remainder when 34927810 is divided by 4841?
4836
What is the remainder when 5565669 is divided by 7?
4
What is the remainder when 4523345 is divided by 5626?
41
Calculate the remainder when 94120273 is divided by 31.
26
What is the remainder when 3305762 is divided by 3078?
3068
Calculate the remainder when 7020195 is divided by 1301.
1300
Calculate the remainder when 3395087 is divided by 6670.
57
Calculate the remainder when 2621052 is divided by 1310420.
212
What is the remainder when 100707 is divided by 100586?
121
Calculate the remainder when 490733 is divided by 2206.
1001
What is the remainder when 1713351 is divided by 542?
89
What is the remainder when 4863546 is divided by 4?
2
Calculate the remainder when 2091213 is divided by 98.
89
What is the remainder when 668364 is divided by 883?
816
What is the remainder when 108878 is divided by 2559?
1400
Calculate the remainder when 1960226 is divided by 97971.
806
Calculate the remainder when 1442792 is divided by 19.
8
Calculate the remainder when 1345312 is divided by 191986.
1410
What is the remainder when 1424127 is divided by 789?
771
Calculate the remainder when 15027921 is divided by 2287.
44
What is the remainder when 12996632 is divided by 5207?
5167
Calculate the remainder when 2295044 is divided by 286854.
212
Calculate the remainder when 93368 is divided by 2208.
632
What is the remainder when 310875 is divided by 12934?
459
Calculate the remainder when 1146753 is divided by 2145.
1323
What is the remainder when 113067 is divided by 16109?
304
What is the remainder when 1315777 is divided by 657886?
5
What is the remainder when 57444 is divided by 19083?
195
What is the remainder when 29845717 is divided by 2683?
25
Calculate the remainder when 102236 is divided by 5111.
16
What is the remainder when 27985467 is divided by 10125?
10092
Calculate the remainder when 174544 is divided by 152.
48
Calculate the remainder when 85280 is divided by 6531.
377
What is the remainder when 6679974 is divided by 1530?
1524
Calculate the remainder when 23467822 is divided by 103.
96
Calculate the remainder when 51547583 is divided by 519.
503
What is the remainder when 5114226 is divided by 1278548?
34
Calculate the remainder when 2628731 is divided by 425.
106
Calculate the remainder when 5301919 is divided by 13.
12
What is the remainder when 1636570 is divided by 148773?
67
What is the remainder when 42538 is divided by 268?
194
What is the remainder when 15267 is divided by 1881?
219
What is the remainder when 3269215 is divided by 1132?
1131
Calculate the remainder when 1227243 is divided by 928.
427
What is the remainder when 1115676717 is divided by 54?
51
What is the remainder when 2242503 is divided by 14?
11
Calculate the remainder when 126517444 is divided by 808.
804
What is the remainder when 5148226 is divided by 811?
809
Calculate the remainder when 1128985 is divided by 2049.
2035
Calculate the remainder when 126879 is divided by 118160.
8719
What is the remainder when 5169708 is divided by 190?
188
Calculate the remainder when 2085762 is divided by 3590.
3562
Calculate the remainder when 6424293 is divided by 204.
129
What is the remainder when 729690 is divided by 2400?
90
What is the remainder when 5301147 is divided by 32128?
27
Calculate the remainder when 482426 is divided by 5479.
274
What is the remainder when 554452 is divided by 1549?
1459
What is the remainder when 2312722 is divided by 2034?
64
What is the remainder when 475059 is divided by 560?
179
Calculate the remainder when 132638144 is divided by 66552.
8
Calculate the remainder when 179440 is divided by 5962.
580
Calculate the remainder when 24068 is divided by 596.
228
Calculate the remainder when 335452 is divided by 225.
202
Calculate the remainder when 59792272 is divided by 603.
601
What is the remainder when 1664781 is divided by 10088?
261
Calculate the remainder when 2771140 is divided by 3477.
3448
Calculate the remainder when 98590018 is divided by 2820.
2818
Calculate the remainder when 1234619 is divided by 714.
113
Calculate the remainder when 170856 is divided by 344.
232
What is the remainder when 20259195 is divided by 54?
15
What is the remainder when 3178172 is divided by 13?
10
What is the remainder when 18768135 is divided by 8697?
9
What is the remainder when 3195343 is divided by 139?
11
Calculate the remainder when 505859 is divided by 468.
419
Calculate the remainder when 526450 is divided by 457.
443
What is the remainder when 652058 is divided by 162735?
1118
What is the remainder when 831328 is divided by 414?
16
Calculate the remainder when 32935138 is divided by 75.
13
Calculate the remainder when 66907 is divided by 390.
217
Calculate the remainder when 85970 is divided by 364.
66
What is the remainder when 108869652 is divided by 4483?
4480
Calculate the remainder when 1120862 is divided by 973.
939
What is the remainder when 411077 is divided by 3137?
130
Calculate the remainder when 17855668 is divided by 6.
4
Calculate the remainder when 1682759 is divided by 20.
19
Calculate the remainder when 827377 is divided by 9402.
1
Calculate the remainder when 85649 is divided by 2311.
142
What is the remainder when 104370 is divided by 20871?
15
What is the remainder when 7090721 is divided by 1346?
1339
Calculate the remainder when 1082606 is divided by 4900.
4606
Calculate the remainder when 6874944 is divided by 48415.
14
Calculate the remainder when 570610149 is divided by 24.
21
Calculate the remainder when 2599357 is divided by 44.
13
Calculate the remainder when 160690 is divided by 32001.
685
Calculate the remainder when 11052889 is divided by 1906.
1901
What is the remainder when 96775 is divided by 3004?
647
Calculate the remainder when 184692 is divided by 45952.
884
What is the remainder when 4545182 is divided by 4545175?
7
What is the remainder when 25142674 is divided by 76?
50
Calculate the remainder when 6941579 is divided by 165273.
113
Calculate the remainder when 664659861 is divided by 316.
313
Calculate the remainder when 166130 is divided by 246.
80
Calculate the remainder when 328824 is divided by 1289.
129
What is the remainder when 5532322 is divided by 206?
192
Calculate the remainder when 36014472 is divided by 2715.
2712
Calculate the remainder when 885097 is divided by 31.
16
Calculate the remainder when 132895753 is divided by 4442.
4439
Calculate the remainder when 611094 is divided by 2167.
0
Calculate the remainder when 10475 is divided by 237.
47
Calculate the remainder when 79385711 is divided by 1237.
1236
Calculate the remainder when 534960 is divided by 267427.
106
Calculate the remainder when 42311348 is divided by 925.
923
Calculate the remainder when 98211741 is divided by 1098.
33
What is the remainder when 231718632 is divided by 15?
12
Calculate the remainder when 849529 is divided by 424736.
57
What is the remainder when 715734841 is divided by 242?
239
What is the remainder when 7002486 is divided by 114?
36
What is the remainder when 593268 is divided by 5873?
95
What is the remainder when 6857447 is divided by 2285556?
779
Calculate the remainder when 14074976 is divided by 14074973.
3
What is the remainder when 107966 is divided by 52465?
3036
Calculate the remainder when 746262 is divided by 119.
13
Calculate the remainder when 1781812 is divided by 1519.
25
What is the remainder when 797438 is divided by 16613?
14
What is the remainder when 4476 is divided by 3890?
586
Calculate the remainder when 2336301 is divided by 179595.
1566
Calculate the remainder when 172679 is divided by 43125.
179
What is the remainder when 242392414 is divided by 797?
7
Calculate the remainder when 84987 is divided by 16993.
22
Calculate the